factors of 3065414?
2, 11, 53, 239
What are the prime factors of 357225?
3, 5, 11, 433
List the prime factors of 11494848.
2, 3, 19, 23, 137
List the prime factors of 3907227.
3, 149, 8741
List the prime factors of 15116337.
3, 29, 57917
List the prime factors of 423750.
2, 3, 5, 113
List the prime factors of 408257.
631, 647
What are the prime factors of 5616801?
3, 624089
What are the prime factors of 4199850?
2, 3, 5, 17, 61
What are the prime factors of 605199?
3, 7, 23, 179
List the prime factors of 4669026.
2, 3, 43, 18097
List the prime factors of 7581194.
2, 47, 80651
List the prime factors of 756488.
2, 94561
What are the prime factors of 84125?
5, 673
What are the prime factors of 860878?
2, 239, 1801
List the prime factors of 2058045.
3, 5, 11, 12473
List the prime factors of 264408.
2, 3, 23, 479
List the prime factors of 1231110.
2, 3, 5, 13679
What are the prime factors of 385350?
2, 3, 5, 7, 367
List the prime factors of 9803222.
2, 11, 13, 151, 227
What are the prime factors of 665739?
3, 8219
What are the prime factors of 38037605?
5, 7607521
List the prime factors of 13314815.
5, 23, 115781
List the prime factors of 1947881.
13, 149837
List the prime factors of 3657757.
971, 3767
What are the prime factors of 2932136?
2, 366517
What are the prime factors of 27361930?
2, 5, 2736193
List the prime factors of 298780.
2, 5, 14939
What are the prime factors of 9434137?
31, 9817
What are the prime factors of 8425317?
3, 67, 167, 251
List the prime factors of 7415.
5, 1483
What are the prime factors of 10926314?
2, 7, 111493
What are the prime factors of 1633835?
5, 7, 46681
List the prime factors of 289799.
17, 17047
What are the prime factors of 10305662?
2, 211, 24421
What are the prime factors of 218412?
2, 3, 6067
List the prime factors of 135340.
2, 5, 67, 101
What are the prime factors of 218445?
3, 5, 14563
What are the prime factors of 1628069?
41, 39709
List the prime factors of 9101498.
2, 7, 650107
What are the prime factors of 5190899?
7, 17, 181, 241
What are the prime factors of 2014015?
5, 402803
List the prime factors of 5319601.
7, 19, 23, 37, 47
List the prime factors of 11437593.
3, 3812531
List the prime factors of 2311776.
2, 3, 23, 349
List the prime factors of 861007.
7, 123001
What are the prime factors of 8849129?
17, 211, 2467
List the prime factors of 2272720.
2, 5, 28409
List the prime factors of 20409792.
2, 3, 13, 17, 37
List the prime factors of 10259564.
2, 7, 23, 89, 179
List the prime factors of 201413.
201413
What are the prime factors of 269001?
3, 41
List the prime factors of 2358937.
7, 17, 43, 461
What are the prime factors of 360258?
2, 3, 97, 619
What are the prime factors of 30991909?
13, 31, 53, 1451
List the prime factors of 19620847.
601, 32647
List the prime factors of 589595.
5, 37, 3187
List the prime factors of 13087722.
2, 3, 17, 128311
List the prime factors of 275749.
47, 5867
What are the prime factors of 325875?
3, 5, 11, 79
List the prime factors of 84071.
13, 29, 223
List the prime factors of 287301.
3, 7, 13681
What are the prime factors of 22395?
3, 5, 1493
What are the prime factors of 943013?
943013
List the prime factors of 1919637.
3, 263, 811
List the prime factors of 534561.
3, 178187
List the prime factors of 799544.
2, 17, 5879
List the prime factors of 5665602.
2, 3, 109, 8663
What are the prime factors of 122572?
2, 30643
What are the prime factors of 5896403?
19, 83, 3739
List the prime factors of 1437029.
11, 130639
What are the prime factors of 29584?
2, 43
List the prime factors of 202322.
2, 101161
List the prime factors of 103691.
7, 14813
What are the prime factors of 502557?
3, 11, 97, 157
What are the prime factors of 199072?
2, 6221
List the prime factors of 2338633.
11, 433, 491
List the prime factors of 2535567.
3, 17, 83, 599
What are the prime factors of 2945470?
2, 5, 11, 26777
List the prime factors of 16941231.
3, 17, 1367
What are the prime factors of 513768?
2, 3, 21407
What are the prime factors of 3447819?
3, 277, 461
What are the prime factors of 3557310?
2, 3, 5, 283, 419
List the prime factors of 290085.
3, 5, 83, 233
What are the prime factors of 3892903?
7, 53, 1499
List the prime factors of 1046309.
11, 73, 1303
What are the prime factors of 348160?
2, 5, 17
What are the prime factors of 17809742?
2, 8904871
List the prime factors of 5696572.
2, 7, 203449
What are the prime factors of 1244599?
23, 53, 1021
List the prime factors of 185641.
185641
What are the prime factors of 48438?
2, 3, 13, 23
List the prime factors of 172121.
19, 9059
What are the prime factors of 147653?
11, 31, 433
List the prime factors of 261906.
2, 3, 43651
List the prime factors of 957666.
2, 3, 193, 827
List the prime factors of 55013.
7, 29, 271
What are the prime factors of 17921369?
1087, 16487
List the prime factors of 415895.
5, 223, 373
List the prime factors of 460668.
2, 3, 13, 2953
What are the prime factors of 20400622?
2, 11, 927301
List the prime factors of 1287952.
2, 101, 797
What are the prime factors of 34383?
3, 73, 157
List the prime factors of 1813854.
2, 3, 7, 19, 2273
What are the prime factors of 1618071?
3, 7, 13, 5927
List the prime factors of 6085969.
29, 209861
What are the prime factors of 1874253?
3, 59, 10589
List the prime factors of 309107.
309107
What are the prime factors of 15571031?
7, 17, 43, 179
What are the prime factors of 8541426?
2, 3, 349, 4079
List the prime factors of 10540250.
2, 5, 7, 19, 317
What are the prime factors of 1182481?
41, 151, 191
What are the prime factors of 14279083?
7, 13, 156913
What are the prime factors of 10323045?
3, 5, 71, 359
List the prime factors of 210965.
5, 42193
List the prime factors of 861674.
2, 11, 53, 739
What are the prime factors of 444375?
3, 5, 79
What are the prime factors of 274938?
2, 3, 45823
What are the prime factors of 238491?
3, 11, 73
List the prime factors of 5210553.
3, 1736851
What are the prime factors of 1455057?
3, 53891
List the prime factors of 129455.
5, 17, 1523
What are the prime factors of 556325?
5, 7, 11, 17
List the prime factors of 7029986.
2, 3514993
List the prime factors of 2455845.
3, 5, 7, 19, 1231
What are the prime factors of 7764582?
2, 3, 7, 199, 929
List the prime factors of 3445844.
2, 577, 1493
What are the prime factors of 317876?
2, 13, 6113
What are the prime factors of 1035401?
149, 6949
What are the prime factors of 1999250?
2, 5, 11, 727
What are the prime factors of 787229?
103, 7643
List the prime factors of 634295.
5, 126859
List the prime factors of 299129.
89, 3361
What are the prime factors of 3672998?
2, 7, 167, 1571
List the prime factors of 29506.
2, 14753
List the prime factors of 1999410.
2, 3, 5, 7, 9521
What are the prime factors of 26364867?
3, 83, 105883
List the prime factors of 5178299.
7, 131, 5647
List the prime factors of 27313.
11, 13, 191
What are the prime factors of 354306?
2, 3, 59051
List the prime factors of 1142292.
2, 3, 95191
List the prime factors of 1934589.
3, 644863
List the prime factors of 2999828.
2, 13, 57689
What are the prime factors of 2412092?
2, 603023
What are the prime factors of 32205?
3, 5, 19, 113
What are the prime factors of 4023128?
2, 283, 1777
What are the prime factors of 109141?
109141
What are the prime factors of 1704936?
2, 3, 71039
List the prime factors of 6254012.
2, 1563503
List the prime factors of 1272146.
2, 636073
List the prime factors of 387425.
5, 15497
What are the prime factors of 710161?
41, 17321
What are the prime factors of 14384016?
2, 3, 23, 43, 101
List the prime factors of 15357642.
2, 3, 2559607
List the prime factors of 1811691.
3, 7, 149, 193
What are the prime factors of 286360?
2, 5, 7159
List the prime factors of 2813649.
3, 937883
What are the prime factors of 1459387?
31, 179, 263
List the prime factors of 9748.
2, 2437
What are the prime factors of 132737?
11, 1097
List the prime factors of 223821.
3, 13, 1913
List the prime factors of 4439430.
2, 3, 5, 107, 461
List the prime factors of 3705918.
2, 3, 73, 8461
What are the prime factors of 657209?
7, 93887
What are the prime factors of 63788?
2, 37, 431
What are the prime factors of 159340?
2, 5, 31, 257
List the prime factors of 7775411.
7, 1110773
List the prime factors of 35391.
3, 47, 251
W